or of 432?
True
Is 17 a factor of 969?
True
Is 130 a factor of 5990?
False
Is 94 a factor of 28294?
True
Does 13 divide 1662?
False
Is 53 a factor of 1696?
True
Is 47 a factor of 5851?
False
Is 11 a factor of 14096?
False
Is 47 a factor of 52427?
False
Does 3 divide 2529?
True
Is 3 a factor of 231?
True
Is 1220 a multiple of 20?
True
Is 20 a factor of 580?
True
Does 14 divide 2591?
False
Is 25 a factor of 9975?
True
Is 390 a multiple of 10?
True
Is 4365 a multiple of 28?
False
Is 34 a factor of 2058?
False
Is 9 a factor of 144?
True
Is 38305 a multiple of 189?
False
Is 7924 a multiple of 7?
True
Is 6609 a multiple of 21?
False
Does 23 divide 34546?
True
Is 27809 a multiple of 7?
False
Is 20 a factor of 10287?
False
Is 1501 a multiple of 34?
False
Is 46 a factor of 2663?
False
Does 26 divide 30186?
True
Is 1592 a multiple of 94?
False
Is 126 a factor of 16128?
True
Does 77 divide 1848?
True
Is 60 a factor of 3660?
True
Does 21 divide 25095?
True
Is 68378 a multiple of 32?
False
Is 19 a factor of 1809?
False
Is 16 a multiple of 3?
False
Is 1835 a multiple of 18?
False
Is 71303 a multiple of 42?
False
Does 7 divide 1645?
True
Does 3 divide 125?
False
Is 22737 a multiple of 53?
True
Is 5 a factor of 82?
False
Does 3 divide 111?
True
Is 139 a multiple of 49?
False
Is 3948 a multiple of 14?
True
Is 40 a factor of 9145?
False
Does 26 divide 11960?
True
Does 17 divide 2027?
False
Is 414 a multiple of 13?
False
Does 6 divide 112?
False
Does 8 divide 1626?
False
Does 89 divide 8811?
True
Does 21 divide 422?
False
Is 8448 a multiple of 96?
True
Is 59 a factor of 3009?
True
Does 148 divide 3900?
False
Is 390 a multiple of 15?
True
Is 9 a factor of 12132?
True
Is 2220 a multiple of 15?
True
Is 680 a multiple of 2?
True
Is 48704 a multiple of 179?
False
Does 18 divide 66798?
True
Is 123 a factor of 8935?
False
Is 536 a multiple of 16?
False
Does 15 divide 529?
False
Is 28 a factor of 580?
False
Does 141 divide 13862?
False
Is 5052 a multiple of 249?
False
Is 10305 a multiple of 45?
True
Does 49 divide 33368?
False
Is 74 a factor of 444?
True
Does 3 divide 999?
True
Is 1875 a multiple of 75?
True
Is 9 a factor of 5710?
False
Is 31101 a multiple of 25?
False
Is 58 a factor of 15544?
True
Does 98 divide 14820?
False
Does 25 divide 250?
True
Does 32 divide 36448?
True
Does 55 divide 5390?
True
Is 34446 a multiple of 6?
True
Does 22 divide 792?
True
Is 21 a factor of 91896?
True
Is 2278 a multiple of 56?
False
Is 243 a multiple of 9?
True
Is 1970 a multiple of 8?
False
Is 1408 a multiple of 10?
False
Is 3137 a multiple of 33?
False
Is 4 a factor of 24?
True
Is 53 a factor of 4717?
True
Does 18 divide 252?
True
Is 4 a factor of 5166?
False
Is 16005 a multiple of 108?
False
Does 11 divide 6792?
False
Is 14904 a multiple of 26?
False
Is 37 a factor of 404?
False
Is 18 a factor of 1314?
True
Does 18 divide 108?
True
Is 21 a factor of 22942?
False
Does 15 divide 341?
False
Is 17075 a multiple of 37?
False
Is 5311 a multiple of 20?
False
Is 175526 a multiple of 12?
False
Is 3180 a multiple of 7?
False
Is 663 a multiple of 39?
True
Does 9 divide 283?
False
Is 183 a factor of 7438?
False
Is 13 a factor of 339?
False
Is 22 a factor of 251?
False
Is 3157 a multiple of 19?
False
Does 3 divide 264?
True
Is 11 a factor of 4112?
False
Is 31 a factor of 2235?
False
Does 30 divide 2580?
True
Does 56 divide 6259?
False
Is 177 a multiple of 6?
False
Is 25678 a multiple of 37?
True
Is 55376 a multiple of 64?
False
Does 6 divide 536?
False
Does 13 divide 897?
True
Is 66 a factor of 13784?
False
Is 624 a multiple of 12?
True
Does 24 divide 29360?
False
Is 16 a factor of 960?
True
Is 1183 a multiple of 36?
False
Is 87 a factor of 47676?
True
Is 17548 a multiple of 17?
False
Does 8 divide 282?
False
Is 7 a factor of 72517?
False
Is 72693 a multiple of 197?
True
Is 13 a factor of 3146?
True
Does 27 divide 972?
True
Is 13 a factor of 169?
True
Does 6 divide 144?
True
Is 1895 a multiple of 29?
False
Is 12920 a multiple of 68?
True
Is 6641 a multiple of 35?
False
Is 14813 a multiple of 71?
False
Is 8548 a multiple of 18?
False
Is 1656 a multiple of 12?
True
Is 1379 a multiple of 7?
True
Is 6 a factor of 366?
True
Is 480 a multiple of 15?
True
Is 9 a factor of 2646?
True
Is 52 a factor of 32604?
True
Does 19 divide 1444?
True
Is 14437 a multiple of 18?
False
Is 20 a factor of 14320?
True
Is 2627 a multiple of 66?
False
Is 1628 a multiple of 37?
True
Is 8786 a multiple of 14?
False
Is 308 a multiple of 14?
True
Is 12 a factor of 19800?
True
Is 530 a multiple of 14?
False
Is 9 a factor of 9054?
True
Does 49 divide 5193?
False
Is 504 a multiple of 8?
True
Does 72 divide 7560?
True
Is 12963 a multiple of 4?
False
Is 8 a factor of 19136?
True
Is 4 a factor of 160?
True
Is 31 a factor of 989?
False
Is 5 a factor of 401?
False
Is 42 a factor of 1335?
False
Is 254 a multiple of 38?
False
Is 24 a factor of 4273?
False
Is 14 a factor of 1273?
False
Does 120 divide 73029?
False
Is 33 a factor of 19535?
False
Is 54534 a multiple of 59?
False
Is 8 a factor of 500?
False
Does 6 divide 22036?
False
Is 322 a multiple of 14?
True
Is 82656 a multiple of 224?
True
Is 219 a factor of 91570?
False
Does 6 divide 813?
False
Does 14 divide 31?
False
Is 497 a multiple of 7?
True
Is 6904 a multiple of 5?
False
Is 676 a multiple of 10?
False
Does 14 divide 10934?
True
Does 71 divide 26341?
True
Does 11 divide 396?
True
Is 18 a factor of 828?
True
Does 12 divide 1859?
False
Is 1893 a multiple of 14?
False
Is 26 a factor of 5654?
False
Is 56 a factor of 89600?
True
Does 94 divide 13138?
False
Is 3128 a multiple of 34?
True
Is 363 a factor of 122264?
False
Is 2516 a multiple of 37?
True
Is 337 a multiple of 2?
False
Is 4208 a multiple of 16?
True
Is 20918 a multiple of 27?
False
Is 13 a factor of 715?
True
Does 60 divide 14220?
True
Is 122 a factor of 34526?
True
Is 8 a factor of 768?
True
Is 4640 a multiple of 22?
False
Does 25 divide 13528?
False
Does 24 divide 432?
True
Does 19 divide 1064?
True
Is 132 a factor of 25968?
False
Is 1170 a multiple of 8?
False
Is 1362 a multiple of 20?
False
Is 11 a factor of 10572?
False
Is 2408 a multiple of 8?
True
Is 4 a factor of 22?
False
Is 40502 a multiple of 11?
True
Does 12 divide 3228?
True
Is 618 a multiple of 39?
False
Does 19 divide 462?
False
Is 17028 a multiple of 43?
True
Does 126 divide 111446?
False
Does 14 divide 4060?
True
Is 334 a multiple of 32?
False
Does 31 divide 527?
True
Is 181 a factor of 57668?
False
Does 8 divide 173?
False
Is 11 a factor of 3884?
False
Is 4300 a multiple of 9?
False
Is 1080 a multiple of 8?
True
Is 39759 a multiple of 14?
False
Is 41 a factor of 5687?
False
Is 43 a factor of 89010?
True
Does 23 divide 885?
False
Is 660 a multiple of 11?
True
Is 10716 a multiple of 19?
True
Is 64 a factor of 1564?
False
Does 21 divide 17861?
False
Is 103 a factor of 7128?
False
Is 15 a factor of 1997?
False
Is 12891 a multiple of 53?
False
Does 51 divide 61506?
True
Does 26 divide 728?
True
Is 4325 a multiple of 27?
False
Is 25 a factor of 6150?
True
Does 42 divide 42?
True
Does 10 divide 811?
False
Is 279 a multiple of 2?
False
Does 28 divide 10615?
False
Does 19 divide 464?
False
Is 23118 a multiple of 55?
False
Does 55 divide 1705?
True
Is 3110 a multiple of 79?
False
Is 69 a factor of 38982?
False
Is 17865 a multiple of 7?
False
Is 52 a factor of 1300?
True
Is 39 a factor of 1053?
True
Is 610 a multiple of 19?
False
Does 13 divide 351?
True
Is 39 a factor of 817?
False
Is 31616 a multiple of 26?
True
Is 3120 a multiple of 80?
True
Is 99785 a multiple of 21?
False
Is 10 a factor of 249?
False
Is 26 a factor of 182?
True
Does 9 divide 180?
True
Is 18 a factor of 88?
False
Is 6 a factor of 150?
True
Is 1390 a multiple of 10?
True
Is 1436 a multiple of 5?
False
Is 1085 a multiple of 20?
False
Does 78 divide 1389?
False
Is 860 a multiple of 8?
False
Does 29 divide 14558?
True
Is 2042 a multiple of 47?
False
Is 1680 a multiple of 280?
True
Is 170 a factor of 21874?
False
Is 26 a factor of 66274?
True
Is 23 a factor of 7344?
False
Is 27 a factor of 47?
False
Is 85 a factor of 727?
False
Is 33863 a multiple of 97?
False
Is 72 a factor of 1687?
False
Is 19693 a multiple of 16?
False
Is 23 a factor of 1667?
False
Is 9 a factor of 312?
False
Is 1608 a multi